e the third derivative of m**5/60 - 3*m**4/8 - 5*m**3 + 4*m**2. Let s = 150 - 133. List the prime factors of t(s).
2, 53
Let g be 24 + -22 - -1*17. Suppose -g*k = -7*k - 120. Suppose -m - 113 = -5*z, -k*m + 8*m = 6. List the prime factors of z.
2, 11
Let i(w) be the third derivative of -7*w**4/24 - 103*w**3/6 + 77*w**2. List the prime factors of i(-38).
163
List the prime factors of (-22 - (-1472)/69)/((-2)/66243).
71, 311
Let l(g) = -13*g**3 - 4*g**2 - 4*g - 13. Let h(d) = -7*d - 17. Let j be h(-2). List the prime factors of l(j).
2, 157
Let q(i) be the first derivative of 2*i**3/3 - 10*i**2 - 26*i - 108. List the prime factors of q(-17).
2, 223
Let q = -6 + 21. List the prime factors of (25/q)/(3/549).
5, 61
Let t(k) = k**2 - 8*k + 15. Let x be t(7). Let w(h) = -h**2 + 29*h + 33. What are the prime factors of w(x)?
3, 67
Let c be (-52055)/(-20) + 3/12. Suppose 5*a - i - 4768 = 0, 3*a = 5*i + c + 249. What are the prime factors of a?
2, 3, 53
Let c(g) = -7*g**3 - 31*g**2 - 95*g + 151. What are the prime factors of c(-19)?
2, 3, 23, 281
List the prime factors of (-35)/(-5) + (-1724983)/(-59).
2, 3, 2437
Suppose -g - 4440 = 4*k, -4*k = -0*k - g + 4440. Let b = -622 - k. Suppose 4*i = -0*i - 5*r + b, 4 = r. List the prime factors of i.
3, 13
Let w be 6/(-24) + ((-9987)/(-12) - -4). Suppose 5176 = 14*q + w. What are the prime factors of q?
2, 5, 31
Let r(x) = 17*x**3 + 17*x + 1. Let d be r(4). Let q = 2074 - d. List the prime factors of q.
7, 131
Let x be 2 + (-10)/6 + (-60)/(-9). Suppose -x*b + 49 = -6*b. Suppose 199 = 4*c - b. What are the prime factors of c?
2, 31
Let g = 7082 + 9188. List the prime factors of g.
2, 5, 1627
Let r(d) = d**3 + 14*d**2 + d + 10. Let i be r(-14). Let x = -11 + i. Let v(q) = q**3 + 15*q**2 - 5*q + 3. List the prime factors of v(x).
2, 3, 13
Let g(s) = 9*s**2 + 40*s - 422. List the prime factors of g(-40).
2, 3, 2063
Let x = 87020 + -51436. Suppose 0 = 41*u - 9*u - x. List the prime factors of u.
2, 139
Suppose -22*q - 24*q = -220432. What are the prime factors of q?
2, 599
Suppose -72*u + 1953372 = u + 16*u. List the prime factors of u.
2, 3, 31, 59
Suppose -26*z + 148 = -22*z. Let k = -34 + z. Suppose -2*m + 75 = k. List the prime factors of m.
2, 3
Let c(g) = 2*g**2 + 4*g - 13. Let h be c(-4). Suppose -4*f + h*k = -2*k - 2417, 623 = f + 5*k. What are the prime factors of f?
2, 19
Suppose 0 = 45*x - 6806498 + 2569253. List the prime factors of x.
3, 31387
Suppose -8 - 164 = -4*o. Let w = -42 + o. List the prime factors of (-1*w/2)/((-4)/104).
13
Suppose 3*j = 5*d - 53655, -4*d + 31359 + 11565 = 3*j. What are the prime factors of d?
3, 7, 73
Let d = 116836 - 68783. List the prime factors of d.
29, 1657
Let w(o) = -26*o**3 - 2*o**2 + 185*o - 29. What are the prime factors of w(-12)?
42391
Suppose 8*a = 3*a - 2*d + 659, 2*a + 4*d = 254. Suppose -6*t - 103 = -a. Suppose 155 = t*o - 125. List the prime factors of o.
2, 7
Suppose -t + j + 14262 = 99, -2*t - 3*j + 28321 = 0. List the prime factors of t.
2, 73, 97
Let n = 3467 + 5363. List the prime factors of n.
2, 5, 883
Let p = -130 - -194. Let r = 66 - p. Suppose 0 = 2*n - 3*n - 4*x + 25, 0 = -2*n - r*x + 26. List the prime factors of n.
3
Let i be -2 + (-25)/(-15) - (-38235)/9. Suppose -2552 = -3*l - 19*y + 23*y, -4*y = -5*l + i. What are the prime factors of l?
2, 53
Let p(u) = u + 3. Let a be p(6). Suppose 0 = -x - 3 + a. What are the prime factors of (-296)/(-7) - x/21?
2, 3, 7
Let b(d) = d**3 - 13*d**2 - 8*d - 29. Let k = -143 - -146. Suppose 0*x = -w - x + 11, -3*w + 51 = -k*x. List the prime factors of b(w).
5, 11
Suppose 54*j - 59*j = 20. Let z be (-3 - -3)/(-3 - j). Suppose z*k = -9*k + 189. List the prime factors of k.
3, 7
List the prime factors of -2 + 23027 - (-1113)/159.
2, 2879
Suppose -3*p = 3*r - 15, 5*p + 4 = 2*r - 6. Suppose p = 32*a - 1757 - 1763. List the prime factors of a.
2, 5, 11
Let a = -6322 - -18803. What are the prime factors of a?
7, 1783
Suppose -13*w = -844 - 144. Suppose -w*g + 68*g = -9624. What are the prime factors of g?
3, 401
Let o(j) = -3*j + 24. Suppose -3*y = -0*y - 18. Let f be o(y). Let m(l) = l**3 - l**2 + 3*l - 15. What are the prime factors of m(f)?
3, 61
What are the prime factors of ((-29)/3)/(43050/(-118206) - 8/(-22))?
3, 29, 199
Let x(w) = -359*w + 2. Let s be x(-4). Suppose -21*p + 35 = -16*p, 4*f + p = 27. Suppose f + s = 13*g. List the prime factors of g.
3, 37
Suppose -4*x = n - 27766, -2*n = -2*x - 0*n + 13888. What are the prime factors of x?
2, 3, 13, 89
Suppose -5*f = -4*l + 2971 + 3470, -f = -l + 1609. What are the prime factors of l?
2, 401
Suppose 20 = -16*i + 20*i. Let b(n) = -3 + 0*n - 2*n**3 + i*n**3 + 3*n + 1. What are the prime factors of b(2)?
2, 7
Suppose 4*v - 5*z = -31, 61 = -4*v - 0*v - z. List the prime factors of (-19 - -12)*1616/v.
2, 101
Let x = -10 + 30. Let g(c) = c**3 - 19*c**2 - 9*c - 24. Let t be g(x). Suppose t = -0*r + r. What are the prime factors of r?
2, 7
List the prime factors of (1660/(-6))/(13 + 30830/(-2370)).
5, 79, 83
Suppose -4*a - 4*a = 552. Let o = -52 - a. Suppose 18*q = o*q + 30. What are the prime factors of q?
2, 3, 5
Suppose 32*f = -23*f + 110. Let s(r) = -7*r. Let z be s(1). List the prime factors of (1 - f)/(z/553).
79
Let o = 60 + -57. Suppose o*a = 2*a + 5. Suppose f + 510 = a*i, 3*i - 3*f - 11 = 283. What are the prime factors of i?
103
List the prime factors of (-2 - 2065 - 3)*((-325)/15)/13.
2, 3, 5, 23
Let g = 24879 + -16899. What are the prime factors of g?
2, 3, 5, 7, 19
Suppose 874 = -18*j - 2006. Let v = -10 - j. List the prime factors of v.
2, 3, 5
Let q = 808 + -803. Suppose -l = 4*a - 409, 5*l + q*a - 2045 = 6*a. What are the prime factors of l?
409
Suppose 0*h = -5*h + 130. Suppose -h*j + 20*j + 612 = 0. Suppose 2*s - j = s. List the prime factors of s.
2, 3, 17
Suppose -6*n - 2*q + 42 = -5*n, 234 = 5*n + 4*q. Let h(x) = -5 - n*x + 12*x - 46 - 2. What are the prime factors of h(-6)?
5, 7
List the prime factors of 1073 - -70*(-5)/25.
3, 353
Suppose 14*w - 57003 = 106699. What are the prime factors of w?
11, 1063
Let x(w) = 2007*w + 866. What are the prime factors of x(3)?
71, 97
Let h(o) = 818*o**2 - 1254*o + 7533. What are the prime factors of h(6)?
3, 1091
Let y be (2 - (-2 + 3))/(54/(-1026)). Let h(t) = -64*t - 205. List the prime factors of h(y).
3, 337
Suppose k - 5*s + 715 = 0, -10*s + 6*s = 3*k + 2202. What are the prime factors of -5*k/(-15)*9/(-6)?
5, 73
Suppose 27994 - 130494 = -25*b. Suppose 4*q = w + b, 3*q - 2*w = -5*w + 3075. List the prime factors of q.
5, 41
Let p(s) = 7*s**3 - 5*s**2 - s + 10. Let t = 46 - 37. Suppose 2*l = -l + t. List the prime factors of p(l).
151
Let n(j) = 67*j**2 + 3 - 54*j**2 - j - 13 - 10 + j**3. List the prime factors of n(-9).
313
Suppose -2*q = -0*q. Suppose 0*g + 5*g - 6140 = q. Suppose 5*o - 3*t - 112 = g, -5*t = 3*o - 770. List the prime factors of o.
5, 53
Let v = 13138 + -8535. What are the prime factors of v?
4603
Suppose -3*t - 6 = 0, -4*t + 44150 - 4074 = 4*o. What are the prime factors of o?
11, 911
Let m = -27495 - -65179. List the prime factors of m.
2, 9421
Suppose 4*z + 2*t + 4 = 42, -2*t - 42 = -4*z. Let f be (-30)/(-105) - (-8830)/14. List the prime factors of f/7*2 - z/35.
2, 3, 5
Suppose -6*z + 2081 = -12835. Suppose 0 = v - 4*l + 8*l - 831, -5*l + z = 3*v. What are the prime factors of v?
827
Let g(l) = l**2 - 14*l + 15. Let z be g(13). Suppose -32 = -z*s - 22. Let h(d) = 27*d - 30. List the prime factors of h(s).
3, 5, 7
Suppose 24*u - 90182 + 5287426 = 113*u. What are the prime factors of u?
2, 13, 1123
Let n = -3939 - -8713. What are the prime factors of n?
2, 7, 11, 31
Let f(g) = 26*g + 12. Suppose y = 5*b - 3, -13 = -2*y + 4*y - 3*b. Let h be f(y). List the prime factors of ((18/(-21))/3)/(14/h).
2
Let l(v) = 6*v**2 + 53*v - 46. What are the prime factors of l(-12)?
2, 7, 13
Suppose -6*g - 17868 - 74644 = -22*g. What are the prime factors of g?
2, 7, 59
Suppose -375*q + 70*q + 4252346 = -2360359. List the prime factors of q.
3, 11, 73
Suppose -48*r - 83*r = -155*r + 868224. What are the prime factors of r?
2, 7, 17, 19
What are the prime factors of 1465/879*(101869/5 + 1)?
2, 16979
Suppose 3*j - 5*w = 184, -4*w = -2*j + 45 + 81. Let s = -93 - j. List the prime factors of 0/((-12)/(-